se 16) in base 4?
230
Convert -10 (base 4) to base 16.
-4
What is -1 (base 11) in base 9?
-1
What is 31 (base 6) in base 13?
16
-28 (base 14) to base 13
-2a
What is 5a (base 15) in base 3?
10011
Convert 32 (base 11) to base 4.
203
Convert -2 (base 15) to base 5.
-2
Convert 6 (base 16) to base 15.
6
What is -13 (base 6) in base 9?
-10
-5 (base 16) to base 7
-5
Convert 11 (base 5) to base 4.
12
1 (base 14) to base 16
1
Convert 31 (base 16) to base 7.
100
7 (base 8) to base 3
21
What is -370 (base 8) in base 2?
-11111000
Convert -122 (base 4) to base 11.
-24
What is -12 (base 13) in base 4?
-33
Convert -48 (base 11) to base 14.
-3a
35 (base 6) to base 14
19
Convert -10 (base 3) to base 16.
-3
What is 11100111 (base 2) in base 13?
14a
1 (base 8) to base 10
1
Convert 1020 (base 3) to base 7.
45
a5 (base 13) to base 2
10000111
What is -4 (base 7) in base 11?
-4
What is -250 (base 7) in base 2?
-10000101
What is 111 (base 3) in base 13?
10
Convert 7 (base 9) to base 8.
7
What is -131 (base 7) in base 15?
-4b
What is 3 (base 8) in base 15?
3
-39 (base 11) to base 7
-60
What is -b (base 14) in base 4?
-23
-1312 (base 4) to base 7
-226
348 (base 10) to base 14
1ac
23 (base 4) to base 7
14
What is -6 (base 11) in base 2?
-110
What is -4 (base 9) in base 13?
-4
Convert 7 (base 13) to base 4.
13
What is -11 (base 2) in base 3?
-10
What is -443 (base 5) in base 10?
-123
-1a (base 16) to base 12
-22
40 (base 15) to base 8
74
Convert 0 (base 12) to base 2.
0
5 (base 6) to base 10
5
What is -8 (base 15) in base 2?
-1000
Convert 0 (base 7) to base 12.
0
What is -4 (base 10) in base 8?
-4
Convert 121 (base 3) to base 13.
13
Convert -8a (base 13) to base 16.
-72
-1a (base 12) to base 8
-26
What is -6 (base 16) in base 4?
-12
-2 (base 13) to base 14
-2
Convert -7 (base 10) to base 3.
-21
10 (base 6) to base 14
6
Convert 14a (base 14) to base 11.
219
What is 7 (base 14) in base 8?
7
Convert -13 (base 13) to base 8.
-20
Convert 1 (base 5) to base 4.
1
What is 0 (base 9) in base 12?
0
What is -16 (base 11) in base 6?
-25
Convert b (base 16) to base 2.
1011
-36 (base 9) to base 8
-41
What is -3 (base 15) in base 9?
-3
What is 10 (base 10) in base 4?
22
23 (base 5) to base 10
13
Convert 6 (base 15) to base 16.
6
Convert -1 (base 13) to base 4.
-1
What is -3 (base 13) in base 11?
-3
-12 (base 14) to base 5
-31
4 (base 10) to base 13
4
Convert 10 (base 15) to base 2.
1111
Convert 3 (base 11) to base 10.
3
What is 0 (base 4) in base 9?
0
What is 11 (base 11) in base 15?
c
0 (base 2) to base 9
0
Convert 301 (base 5) to base 12.
64
Convert -20 (base 3) to base 9.
-6
20 (base 4) to base 15
8
278 (base 10) to base 11
233
What is 184 (base 9) in base 16?
9d
Convert -3 (base 11) to base 5.
-3
What is 15 (base 13) in base 11?
17
Convert 8 (base 16) to base 9.
8
What is 5 (base 11) in base 9?
5
Convert 22 (base 4) to base 11.
a
Convert -1 (base 11) to base 16.
-1
Convert 1110 (base 2) to base 10.
14
What is -2 (base 13) in base 9?
-2
What is -311 (base 9) in base 15?
-11d
0 (base 3) to base 13
0
3a (base 12) to base 10
46
b (base 13) to base 14
b
10 (base 2) to base 16
2
Convert -440 (base 5) to base 16.
-78
-2 (base 16) to base 8
-2
Convert -15 (base 9) to base 11.
-13
Convert -16 (base 8) to base 5.
-24
31 (base 7) to base 5
42
Convert 0 (base 4) to base 9.
0
Convert 13 (base 5) to base 7.
11
2000 (base 5) to base 6
1054
Convert 3 (base 9) to base 11.
3
Convert -1 (base 9) to base 6.
-1
What is 17 (base 9) in base 7?
22
23 (base 12) to base 10
27
Convert 0 (base 10) to base 15.
0
-2 (base 15) to base 16
-2
Convert 5 (base 6) to base 9.
5
Convert -111 (base 2) to base 3.
-21
-154 (base 15) to base 11
-257
Convert 110 (base 5) to base 7.
42
What is 23 (base 13) in base 7?
41
What is 24 (base 5) in base 6?
22
Convert 1 (base 7) to base 10.
1
-13 (base 4) to base 5
-12
What is 3 (base 14) in base 12?
3
-17 (base 12) to base 2
-10011
Convert -2e (base 16) to base 11.
-42
Convert -6 (base 14) to base 3.
-20
Convert 14 (base 14) to base 6.
30
-10 (base 6) to base 15
-6
-44 (base 16) to base 3
-2112
What is -62 (base 8) in base 12?
-42
1 (base 15) to base 7
1
Convert -6 (base 14) to base 6.
-10
Convert 2 (base 12) to base 5.
2
Convert -202 (base 5) to base 7.
-103
-ef (base 16) to base 7
-461
Convert 100 (base 5) to base 8.
31
What is 0 (base 12) in base 11?
0
What is -4 (base 16) in base 7?
-4
Convert -3 (base 6) to base 12.
-3
6 (base 10) to base 3
20
What is -2c (base 14) in base 10?
-40
What is -50 (base 12) in base 6?
-140
1 (base 2) to base 6
1
83 (base 13) to base 11
98
What is 162 (base 11) in base 13?
117
What is 4 (base 7) in base 5?
4
What is 149 (base 10) in base 12?
105
What is -7 (base 8) in base 10?
-7
Convert -10 (base 13) to base 12.
-11
Convert 17 (base 10) to base 9.
18
What is -1113 (base 4) in base 5?
-322
Convert -2 (base 4) to base 5.
-2
-3 (base 16) to base 5
-3
What is 0 (base 13) in base 6?
0
Convert -1130 (base 4) to base 5.
-332
Convert 1 (base 14) to base 13.
1
Convert -2 (base 7) to base 15.
-2
6 (base 16) to base 11
6
What is 1 (base 16) in base 10?
1
What is 110010 (base 2) in base 4?
302
10001 (base 2) to base 9
18
What is -1 (base 9) in base 6?
-1
7 (base 16) to base 7
10
66 (base 14) to base 16
5a
Convert 23 (base 5) to base 15.
d
What is -10 (base 5) in base 4?
-11
What is 34 (base 12) in base 5?
130
What is -101 (base 4) in base 5?
-32
Convert 11 (base 9) to base 13.
a
Convert -a8 (base 15) to base 16.
-9e
Convert -21 (base 9) to base 6.
-31
Convert 90 (base 12) to base 14.
7a
Convert 2 (base 14) to base 6.
2
What is 1 (base 5) in base 2?
1
-112 (base 3) to base 8
-16
What is -12 (base 5) in base 11?
-7
Convert 11 (base 8) to base 4.
21
166 (base 7) to base 4
1201
-1 (base 9) to base 16
-1
Convert 221 (base 5) to base 13.
49
What is -6 (base 8) in base 5?
-11
-27 (base 8) to base 4
-113
Convert 5 (base 6) to base 10.
5
What is -153 (base 12) in base 3?
-21200
Convert 4 (base 9) to base 5.
4
What is -101 (base 3) in base 6?
-14
-101 (base 2) to base 11
-5
Convert 2 (base 11) to base 13.
2
What is 5 (base 9) in base 4?
11
Convert 101 (base 2) to base 12.
5
-1 (base 3) to base 13
-1
Convert 26 (base 8) to base 14.
18
-10 (base 11) to base 10
-11
Convert 1 (base 11) to base 12.
1
-213 (base 8) to base 6
-351
What is -201 (base 7) in base 9?
-120
What is -7 (base 9) in base 6?
-11
5 (base 14) to base 6
5
Convert 5 (base 16) to base 3.
12
Convert -3 (base 14) to base 3.
-10
-11 (base 8) to base 9
-10
What is 31 (base 16) in base 3?
1211
What is 0 (base 4) in base 7?
0
What is 0 (base 9) in base 6?
0
-3 (base 10) to base 16
-3
12 (base 3) to base 8
5
-211 (base 5) to base 13
-44
Convert 0 (base 15) to base 14.
0
22 (base 3) to base 4
20
What is -69 (base 14) in base 3?
-10110
What is 215 (base 7) in base 3?
11002
What is -4 (base 7) in base 3?
-11
What is -3 (base 9) in base 7?
-3
Convert -34 (base 8) to base 10.
-28
What is -6 (base 10) in base 4?
-12
38 (base 13) to base 11
43
What is -7 (base 13) in base 11?
-7
Convert -52 (base 7) to base 6.
-101
What is 110 (base 3) in base 15?
c
What is 4 (base 10) in base 8?
4
-10 (base 3) to base 14
-3
-2 (base 10) to base 2
-10
24 (base 8) to base 11
19
Convert -11 (base 11) to base 10.
-12
What is 37 (base 12) in base 16?
2b
Convert 1c (base 13) to base 9.
27
What is -60 (base 15) in base 2?
-1011010
-111001 (base 2) to base 7
-111
55 (base 12) to base 6
145
What is -8 (base 16) in base 3?
-22
Convert -2 (base 4) to base 7.
-2
What is 69 (base 10) in base 4?
1011
330 (base 5) to base 4
1122
What is 3 (base 12) in base 13?
3
Convert 121 (base 4) to base 9.
27
Convert 62 (base 15) to base 8.
134
What is -411 (base 9) in base 5?
-2314
What is -3 (base 15) in base 11?
-3
2 (base 10) to base 9
2
Convert -2 (base 6) to base 15.
-2
What is 2 (base 5) in base 12?
2
What is -2000 (base 3) in base 13?
-42
What is -5 (base 12) in base 6?
-5
What is -18 (base 12) in base 10?
-20
6 (base 11) to base 10
6
114 (base 5) to base 8
42
Convert -41 (base 7) to base 16.
-1d
What is 0 (base 15) in base 4?
0
Convert -2 (base 9) to base 13.
-2
What is -20 (base 6) in base 7?
-15
Convert -210 (base 4) to base 16.
-24
311 (base 4) to base 2
110101
-29 (base 11) to base 5
-111
Convert -298 (base 11) to base 7.
-1006
3 (base 7) to base